{"id":101,"date":"2025-11-26T13:35:30","date_gmt":"2025-11-26T16:35:30","guid":{"rendered":"https:\/\/pruebaruben.web.hosting-01.inacap.cl\/?page_id=101"},"modified":"2025-11-26T13:39:41","modified_gmt":"2025-11-26T16:39:41","slug":"articulos","status":"publish","type":"page","link":"https:\/\/pruebaruben.web.hosting-01.inacap.cl\/index.php\/articulos\/","title":{"rendered":"Art\u00edculos"},"content":{"rendered":"\t\t<div data-elementor-type=\"wp-page\" data-elementor-id=\"101\" class=\"elementor elementor-101\" data-elementor-post-type=\"page\">\n\t\t\t\t<div class=\"elementor-element elementor-element-503224e e-flex e-con-boxed e-con e-parent\" data-id=\"503224e\" data-element_type=\"container\">\n\t\t\t\t\t<div class=\"e-con-inner\">\n\t\t\t\t<div class=\"elementor-element elementor-element-0171f23 elementor-widget elementor-widget-heading\" data-id=\"0171f23\" data-element_type=\"widget\" data-widget_type=\"heading.default\">\n\t\t\t\t\t<h2 class=\"elementor-heading-title elementor-size-default\">Art\u00edculos Recientes<\/h2>\t\t\t\t<\/div>\n\t\t\t\t\t<\/div>\n\t\t\t\t<\/div>\n\t\t<div class=\"elementor-element elementor-element-f1297dc e-flex e-con-boxed e-con e-parent\" data-id=\"f1297dc\" data-element_type=\"container\">\n\t\t\t\t\t<div class=\"e-con-inner\">\n\t\t\t\t<div class=\"elementor-element elementor-element-d9a42e4 elementor-grid-3 elementor-grid-tablet-2 elementor-grid-mobile-1 elementor-posts--thumbnail-top elementor-posts--show-avatar elementor-card-shadow-yes elementor-posts__hover-gradient elementor-widget elementor-widget-posts\" data-id=\"d9a42e4\" data-element_type=\"widget\" data-settings=\"{&quot;cards_columns&quot;:&quot;3&quot;,&quot;cards_columns_tablet&quot;:&quot;2&quot;,&quot;cards_columns_mobile&quot;:&quot;1&quot;,&quot;cards_row_gap&quot;:{&quot;unit&quot;:&quot;px&quot;,&quot;size&quot;:35,&quot;sizes&quot;:[]},&quot;cards_row_gap_tablet&quot;:{&quot;unit&quot;:&quot;px&quot;,&quot;size&quot;:&quot;&quot;,&quot;sizes&quot;:[]},&quot;cards_row_gap_mobile&quot;:{&quot;unit&quot;:&quot;px&quot;,&quot;size&quot;:&quot;&quot;,&quot;sizes&quot;:[]}}\" data-widget_type=\"posts.cards\">\n\t\t\t\t<div class=\"elementor-widget-container\">\n\t\t\t\t\t\t\t<div class=\"elementor-posts-container elementor-posts elementor-posts--skin-cards elementor-grid\" role=\"list\">\n\t\t\t\t<article class=\"elementor-post elementor-grid-item post-95 post type-post status-publish format-standard has-post-thumbnail hentry category-reportajes\" role=\"listitem\">\n\t\t\t<div class=\"elementor-post__card\">\n\t\t\t\t<a class=\"elementor-post__thumbnail__link\" href=\"https:\/\/pruebaruben.web.hosting-01.inacap.cl\/index.php\/2025\/11\/26\/entrada-03\/\" tabindex=\"-1\" ><div class=\"elementor-post__thumbnail\"><img fetchpriority=\"high\" decoding=\"async\" width=\"300\" height=\"169\" src=\"https:\/\/pruebaruben.web.hosting-01.inacap.cl\/wp-content\/uploads\/2025\/11\/DSC03571-300x169.jpg\" class=\"attachment-medium size-medium wp-image-29\" alt=\"\" srcset=\"https:\/\/pruebaruben.web.hosting-01.inacap.cl\/wp-content\/uploads\/2025\/11\/DSC03571-300x169.jpg 300w, https:\/\/pruebaruben.web.hosting-01.inacap.cl\/wp-content\/uploads\/2025\/11\/DSC03571-1024x576.jpg 1024w, https:\/\/pruebaruben.web.hosting-01.inacap.cl\/wp-content\/uploads\/2025\/11\/DSC03571-768x432.jpg 768w, https:\/\/pruebaruben.web.hosting-01.inacap.cl\/wp-content\/uploads\/2025\/11\/DSC03571-1536x864.jpg 1536w, https:\/\/pruebaruben.web.hosting-01.inacap.cl\/wp-content\/uploads\/2025\/11\/DSC03571-2048x1152.jpg 2048w\" sizes=\"(max-width: 300px) 100vw, 300px\" \/><\/div><\/a>\n\t\t\t\t<div class=\"elementor-post__badge\">Reportajes<\/div>\n\t\t\t\t<div class=\"elementor-post__avatar\">\n\t\t\t<img alt='doc-ruben-jordan' src='https:\/\/secure.gravatar.com\/avatar\/3a1329ac30964f83844585b5dc799976be286fa2096fdc5880e6b79b8aed3b00?s=128&#038;d=mm&#038;r=g' srcset='https:\/\/secure.gravatar.com\/avatar\/3a1329ac30964f83844585b5dc799976be286fa2096fdc5880e6b79b8aed3b00?s=256&#038;d=mm&#038;r=g 2x' class='avatar avatar-128 photo' height='128' width='128' \/>\t\t<\/div>\n\t\t\t\t<div class=\"elementor-post__text\">\n\t\t\t\t<h1 class=\"elementor-post__title\">\n\t\t\t<a href=\"https:\/\/pruebaruben.web.hosting-01.inacap.cl\/index.php\/2025\/11\/26\/entrada-03\/\" >\n\t\t\t\tEntrada 03\t\t\t<\/a>\n\t\t<\/h1>\n\t\t\t\t<div class=\"elementor-post__excerpt\">\n\t\t\t<p>Entrada 03 Lorem ipsum dolor sit amet, consectetur adipiscing elit. Ut elit tellus, luctus nec ullamcorper mattis, pulvinar dapibus leo. &nbsp;<\/p>\n\t\t<\/div>\n\t\t\n\t\t<a class=\"elementor-post__read-more\" href=\"https:\/\/pruebaruben.web.hosting-01.inacap.cl\/index.php\/2025\/11\/26\/entrada-03\/\" aria-label=\"Read more about Entrada 03\" tabindex=\"-1\" >\n\t\t\tRead More \u00bb\t\t<\/a>\n\n\t\t\t\t<\/div>\n\t\t\t\t<div class=\"elementor-post__meta-data\">\n\t\t\t\t\t<span class=\"elementor-post-date\">\n\t\t\t26 de noviembre de 2025\t\t<\/span>\n\t\t\t\t<span class=\"elementor-post-avatar\">\n\t\t\tNo hay comentarios\t\t<\/span>\n\t\t\t\t<\/div>\n\t\t\t\t\t<\/div>\n\t\t<\/article>\n\t\t\t\t<article class=\"elementor-post elementor-grid-item post-89 post type-post status-publish format-standard has-post-thumbnail hentry category-noticias\" role=\"listitem\">\n\t\t\t<div class=\"elementor-post__card\">\n\t\t\t\t<a class=\"elementor-post__thumbnail__link\" href=\"https:\/\/pruebaruben.web.hosting-01.inacap.cl\/index.php\/2025\/11\/26\/entrada-02\/\" tabindex=\"-1\" ><div class=\"elementor-post__thumbnail\"><img decoding=\"async\" width=\"300\" height=\"169\" src=\"https:\/\/pruebaruben.web.hosting-01.inacap.cl\/wp-content\/uploads\/2025\/11\/DSC03560-300x169.jpg\" class=\"attachment-medium size-medium wp-image-37\" alt=\"\" srcset=\"https:\/\/pruebaruben.web.hosting-01.inacap.cl\/wp-content\/uploads\/2025\/11\/DSC03560-300x169.jpg 300w, https:\/\/pruebaruben.web.hosting-01.inacap.cl\/wp-content\/uploads\/2025\/11\/DSC03560-1024x576.jpg 1024w, https:\/\/pruebaruben.web.hosting-01.inacap.cl\/wp-content\/uploads\/2025\/11\/DSC03560-768x432.jpg 768w, https:\/\/pruebaruben.web.hosting-01.inacap.cl\/wp-content\/uploads\/2025\/11\/DSC03560-1536x864.jpg 1536w, https:\/\/pruebaruben.web.hosting-01.inacap.cl\/wp-content\/uploads\/2025\/11\/DSC03560-2048x1152.jpg 2048w\" sizes=\"(max-width: 300px) 100vw, 300px\" \/><\/div><\/a>\n\t\t\t\t<div class=\"elementor-post__badge\">Noticias<\/div>\n\t\t\t\t<div class=\"elementor-post__avatar\">\n\t\t\t<img alt='doc-ruben-jordan' src='https:\/\/secure.gravatar.com\/avatar\/3a1329ac30964f83844585b5dc799976be286fa2096fdc5880e6b79b8aed3b00?s=128&#038;d=mm&#038;r=g' srcset='https:\/\/secure.gravatar.com\/avatar\/3a1329ac30964f83844585b5dc799976be286fa2096fdc5880e6b79b8aed3b00?s=256&#038;d=mm&#038;r=g 2x' class='avatar avatar-128 photo' height='128' width='128' \/>\t\t<\/div>\n\t\t\t\t<div class=\"elementor-post__text\">\n\t\t\t\t<h1 class=\"elementor-post__title\">\n\t\t\t<a href=\"https:\/\/pruebaruben.web.hosting-01.inacap.cl\/index.php\/2025\/11\/26\/entrada-02\/\" >\n\t\t\t\tEntrada 02\t\t\t<\/a>\n\t\t<\/h1>\n\t\t\t\t<div class=\"elementor-post__excerpt\">\n\t\t\t<p>Entrada 02 Lorem ipsum dolor sit amet, consectetur adipiscing elit. Ut elit tellus, luctus nec ullamcorper mattis, pulvinar dapibus leo. &nbsp;<\/p>\n\t\t<\/div>\n\t\t\n\t\t<a class=\"elementor-post__read-more\" href=\"https:\/\/pruebaruben.web.hosting-01.inacap.cl\/index.php\/2025\/11\/26\/entrada-02\/\" aria-label=\"Read more about Entrada 02\" tabindex=\"-1\" >\n\t\t\tRead More \u00bb\t\t<\/a>\n\n\t\t\t\t<\/div>\n\t\t\t\t<div class=\"elementor-post__meta-data\">\n\t\t\t\t\t<span class=\"elementor-post-date\">\n\t\t\t26 de noviembre de 2025\t\t<\/span>\n\t\t\t\t<span class=\"elementor-post-avatar\">\n\t\t\tNo hay comentarios\t\t<\/span>\n\t\t\t\t<\/div>\n\t\t\t\t\t<\/div>\n\t\t<\/article>\n\t\t\t\t<article class=\"elementor-post elementor-grid-item post-58 post type-post status-publish format-standard has-post-thumbnail hentry category-reportajes\" role=\"listitem\">\n\t\t\t<div class=\"elementor-post__card\">\n\t\t\t\t<a class=\"elementor-post__thumbnail__link\" href=\"https:\/\/pruebaruben.web.hosting-01.inacap.cl\/index.php\/2025\/11\/25\/entrada-01\/\" tabindex=\"-1\" ><div class=\"elementor-post__thumbnail\"><img decoding=\"async\" width=\"300\" height=\"169\" src=\"https:\/\/pruebaruben.web.hosting-01.inacap.cl\/wp-content\/uploads\/2025\/11\/DSC03574-300x169.jpg\" class=\"attachment-medium size-medium wp-image-38\" alt=\"\" srcset=\"https:\/\/pruebaruben.web.hosting-01.inacap.cl\/wp-content\/uploads\/2025\/11\/DSC03574-300x169.jpg 300w, https:\/\/pruebaruben.web.hosting-01.inacap.cl\/wp-content\/uploads\/2025\/11\/DSC03574-1024x576.jpg 1024w, https:\/\/pruebaruben.web.hosting-01.inacap.cl\/wp-content\/uploads\/2025\/11\/DSC03574-768x432.jpg 768w, https:\/\/pruebaruben.web.hosting-01.inacap.cl\/wp-content\/uploads\/2025\/11\/DSC03574-1536x864.jpg 1536w, https:\/\/pruebaruben.web.hosting-01.inacap.cl\/wp-content\/uploads\/2025\/11\/DSC03574-2048x1152.jpg 2048w\" sizes=\"(max-width: 300px) 100vw, 300px\" \/><\/div><\/a>\n\t\t\t\t<div class=\"elementor-post__badge\">Reportajes<\/div>\n\t\t\t\t<div class=\"elementor-post__avatar\">\n\t\t\t<img alt='doc-ruben-jordan' src='https:\/\/secure.gravatar.com\/avatar\/3a1329ac30964f83844585b5dc799976be286fa2096fdc5880e6b79b8aed3b00?s=128&#038;d=mm&#038;r=g' srcset='https:\/\/secure.gravatar.com\/avatar\/3a1329ac30964f83844585b5dc799976be286fa2096fdc5880e6b79b8aed3b00?s=256&#038;d=mm&#038;r=g 2x' class='avatar avatar-128 photo' height='128' width='128' \/>\t\t<\/div>\n\t\t\t\t<div class=\"elementor-post__text\">\n\t\t\t\t<h1 class=\"elementor-post__title\">\n\t\t\t<a href=\"https:\/\/pruebaruben.web.hosting-01.inacap.cl\/index.php\/2025\/11\/25\/entrada-01\/\" >\n\t\t\t\tEntrada 01\t\t\t<\/a>\n\t\t<\/h1>\n\t\t\t\t<div class=\"elementor-post__excerpt\">\n\t\t\t<p>Entrada 01 Lorem ipsum dolor sit amet, consectetur adipiscing elit. Ut elit tellus, luctus nec ullamcorper mattis, pulvinar dapibus leo.<\/p>\n\t\t<\/div>\n\t\t\n\t\t<a class=\"elementor-post__read-more\" href=\"https:\/\/pruebaruben.web.hosting-01.inacap.cl\/index.php\/2025\/11\/25\/entrada-01\/\" aria-label=\"Read more about Entrada 01\" tabindex=\"-1\" >\n\t\t\tRead More \u00bb\t\t<\/a>\n\n\t\t\t\t<\/div>\n\t\t\t\t<div class=\"elementor-post__meta-data\">\n\t\t\t\t\t<span class=\"elementor-post-date\">\n\t\t\t25 de noviembre de 2025\t\t<\/span>\n\t\t\t\t<span class=\"elementor-post-avatar\">\n\t\t\tNo hay comentarios\t\t<\/span>\n\t\t\t\t<\/div>\n\t\t\t\t\t<\/div>\n\t\t<\/article>\n\t\t\t\t<\/div>\n\t\t\n\t\t\t\t\t\t<\/div>\n\t\t\t\t<\/div>\n\t\t\t\t\t<\/div>\n\t\t\t\t<\/div>\n\t\t\t\t<\/div>\n\t\t","protected":false},"excerpt":{"rendered":"<p>Art\u00edculos Recientes<\/p>\n","protected":false},"author":1,"featured_media":0,"parent":0,"menu_order":0,"comment_status":"closed","ping_status":"closed","template":"","meta":{"footnotes":""},"class_list":["post-101","page","type-page","status-publish","hentry"],"yoast_head":"<!-- This site is optimized with the Yoast SEO plugin v26.4 - https:\/\/yoast.com\/wordpress\/plugins\/seo\/ -->\n<title>Art\u00edculos - Ejercicio de Prueba Rub\u00e9n<\/title>\n<meta name=\"robots\" content=\"index, follow, max-snippet:-1, max-image-preview:large, max-video-preview:-1\" \/>\n<link rel=\"canonical\" href=\"https:\/\/pruebaruben.web.hosting-01.inacap.cl\/index.php\/articulos\/\" \/>\n<meta property=\"og:locale\" content=\"es_ES\" \/>\n<meta property=\"og:type\" content=\"article\" \/>\n<meta property=\"og:title\" content=\"Art\u00edculos - Ejercicio de Prueba Rub\u00e9n\" \/>\n<meta property=\"og:description\" content=\"Art\u00edculos Recientes\" \/>\n<meta property=\"og:url\" content=\"https:\/\/pruebaruben.web.hosting-01.inacap.cl\/index.php\/articulos\/\" \/>\n<meta property=\"og:site_name\" content=\"Ejercicio de Prueba Rub\u00e9n\" \/>\n<meta property=\"article:modified_time\" content=\"2025-11-26T16:39:41+00:00\" \/>\n<meta name=\"twitter:card\" content=\"summary_large_image\" \/>\n<meta name=\"twitter:label1\" content=\"Tiempo de lectura\" \/>\n\t<meta name=\"twitter:data1\" content=\"1 minuto\" \/>\n<script type=\"application\/ld+json\" class=\"yoast-schema-graph\">{\"@context\":\"https:\/\/schema.org\",\"@graph\":[{\"@type\":\"WebPage\",\"@id\":\"https:\/\/pruebaruben.web.hosting-01.inacap.cl\/index.php\/articulos\/\",\"url\":\"https:\/\/pruebaruben.web.hosting-01.inacap.cl\/index.php\/articulos\/\",\"name\":\"Art\u00edculos - Ejercicio de Prueba Rub\u00e9n\",\"isPartOf\":{\"@id\":\"https:\/\/pruebaruben.web.hosting-01.inacap.cl\/#website\"},\"datePublished\":\"2025-11-26T16:35:30+00:00\",\"dateModified\":\"2025-11-26T16:39:41+00:00\",\"breadcrumb\":{\"@id\":\"https:\/\/pruebaruben.web.hosting-01.inacap.cl\/index.php\/articulos\/#breadcrumb\"},\"inLanguage\":\"es\",\"potentialAction\":[{\"@type\":\"ReadAction\",\"target\":[\"https:\/\/pruebaruben.web.hosting-01.inacap.cl\/index.php\/articulos\/\"]}]},{\"@type\":\"BreadcrumbList\",\"@id\":\"https:\/\/pruebaruben.web.hosting-01.inacap.cl\/index.php\/articulos\/#breadcrumb\",\"itemListElement\":[{\"@type\":\"ListItem\",\"position\":1,\"name\":\"Portada\",\"item\":\"https:\/\/pruebaruben.web.hosting-01.inacap.cl\/\"},{\"@type\":\"ListItem\",\"position\":2,\"name\":\"Art\u00edculos\"}]},{\"@type\":\"WebSite\",\"@id\":\"https:\/\/pruebaruben.web.hosting-01.inacap.cl\/#website\",\"url\":\"https:\/\/pruebaruben.web.hosting-01.inacap.cl\/\",\"name\":\"Ejercicio de Prueba Rub\u00e9n\",\"description\":\"Docente Inacap Maip\u00fa\",\"potentialAction\":[{\"@type\":\"SearchAction\",\"target\":{\"@type\":\"EntryPoint\",\"urlTemplate\":\"https:\/\/pruebaruben.web.hosting-01.inacap.cl\/?s={search_term_string}\"},\"query-input\":{\"@type\":\"PropertyValueSpecification\",\"valueRequired\":true,\"valueName\":\"search_term_string\"}}],\"inLanguage\":\"es\"}]}<\/script>\n<!-- \/ Yoast SEO plugin. -->","yoast_head_json":{"title":"Art\u00edculos - Ejercicio de Prueba Rub\u00e9n","robots":{"index":"index","follow":"follow","max-snippet":"max-snippet:-1","max-image-preview":"max-image-preview:large","max-video-preview":"max-video-preview:-1"},"canonical":"https:\/\/pruebaruben.web.hosting-01.inacap.cl\/index.php\/articulos\/","og_locale":"es_ES","og_type":"article","og_title":"Art\u00edculos - Ejercicio de Prueba Rub\u00e9n","og_description":"Art\u00edculos Recientes","og_url":"https:\/\/pruebaruben.web.hosting-01.inacap.cl\/index.php\/articulos\/","og_site_name":"Ejercicio de Prueba Rub\u00e9n","article_modified_time":"2025-11-26T16:39:41+00:00","twitter_card":"summary_large_image","twitter_misc":{"Tiempo de lectura":"1 minuto"},"schema":{"@context":"https:\/\/schema.org","@graph":[{"@type":"WebPage","@id":"https:\/\/pruebaruben.web.hosting-01.inacap.cl\/index.php\/articulos\/","url":"https:\/\/pruebaruben.web.hosting-01.inacap.cl\/index.php\/articulos\/","name":"Art\u00edculos - Ejercicio de Prueba Rub\u00e9n","isPartOf":{"@id":"https:\/\/pruebaruben.web.hosting-01.inacap.cl\/#website"},"datePublished":"2025-11-26T16:35:30+00:00","dateModified":"2025-11-26T16:39:41+00:00","breadcrumb":{"@id":"https:\/\/pruebaruben.web.hosting-01.inacap.cl\/index.php\/articulos\/#breadcrumb"},"inLanguage":"es","potentialAction":[{"@type":"ReadAction","target":["https:\/\/pruebaruben.web.hosting-01.inacap.cl\/index.php\/articulos\/"]}]},{"@type":"BreadcrumbList","@id":"https:\/\/pruebaruben.web.hosting-01.inacap.cl\/index.php\/articulos\/#breadcrumb","itemListElement":[{"@type":"ListItem","position":1,"name":"Portada","item":"https:\/\/pruebaruben.web.hosting-01.inacap.cl\/"},{"@type":"ListItem","position":2,"name":"Art\u00edculos"}]},{"@type":"WebSite","@id":"https:\/\/pruebaruben.web.hosting-01.inacap.cl\/#website","url":"https:\/\/pruebaruben.web.hosting-01.inacap.cl\/","name":"Ejercicio de Prueba Rub\u00e9n","description":"Docente Inacap Maip\u00fa","potentialAction":[{"@type":"SearchAction","target":{"@type":"EntryPoint","urlTemplate":"https:\/\/pruebaruben.web.hosting-01.inacap.cl\/?s={search_term_string}"},"query-input":{"@type":"PropertyValueSpecification","valueRequired":true,"valueName":"search_term_string"}}],"inLanguage":"es"}]}},"_links":{"self":[{"href":"https:\/\/pruebaruben.web.hosting-01.inacap.cl\/index.php\/wp-json\/wp\/v2\/pages\/101","targetHints":{"allow":["GET"]}}],"collection":[{"href":"https:\/\/pruebaruben.web.hosting-01.inacap.cl\/index.php\/wp-json\/wp\/v2\/pages"}],"about":[{"href":"https:\/\/pruebaruben.web.hosting-01.inacap.cl\/index.php\/wp-json\/wp\/v2\/types\/page"}],"author":[{"embeddable":true,"href":"https:\/\/pruebaruben.web.hosting-01.inacap.cl\/index.php\/wp-json\/wp\/v2\/users\/1"}],"replies":[{"embeddable":true,"href":"https:\/\/pruebaruben.web.hosting-01.inacap.cl\/index.php\/wp-json\/wp\/v2\/comments?post=101"}],"version-history":[{"count":5,"href":"https:\/\/pruebaruben.web.hosting-01.inacap.cl\/index.php\/wp-json\/wp\/v2\/pages\/101\/revisions"}],"predecessor-version":[{"id":108,"href":"https:\/\/pruebaruben.web.hosting-01.inacap.cl\/index.php\/wp-json\/wp\/v2\/pages\/101\/revisions\/108"}],"wp:attachment":[{"href":"https:\/\/pruebaruben.web.hosting-01.inacap.cl\/index.php\/wp-json\/wp\/v2\/media?parent=101"}],"curies":[{"name":"wp","href":"https:\/\/api.w.org\/{rel}","templated":true}]}}